-b(s) - m(s). Let g = 22 - 8. Let u = g + -6. Calculate i(u).
-2
Let q(y) = -4 + 0*y**2 + 11*y - 5*y + y**2. Let z be q(-7). Let b(l) = -11*l**2 + 2*l**2 + 2 - l + 7*l**2 - z*l**3. Determine b(-2).
20
Let o(f) be the third derivative of f**6/120 + f**5/15 + f**4/6 - f**3/3 + 11425*f**2. Suppose l - 4*i + 20 + 4 = 0, 0 = -l + 5*i - 29. Calculate o(l).
-18
Let c(n) = 14*n**2 - 11*n + 11. Let h(p) = 5*p**2 - 4*p + 4. Let x(b) = 4*c(b) - 11*h(b). Let f be 6*2 + -76 + 61. Give x(f).
9
Let d(b) = 21*b**2 - 7*b - 18. Let z(c) = 20*c**2 - 10*c - 24. Let x(r) = 4*d(r) - 3*z(r). What is x(-1)?
22
Let g(i) = i**3 + 6*i**2 + 5. Let s(m) be the third derivative of m**6/120 + 7*m**5/60 + m**4/24 + m**3/6 + 63*m**2. Let c be s(-7). What is g(c)?
5
Let r(i) = -7*i**3 - 307*i**2 + 3 + 2*i + 2*i**3 + 4*i**3 + 313*i**2. Give r(7).
-32
Suppose -3*k - 9*m - 9 = -12*m, -k + 9 = 3*m. Let l(t) = 12*t + 4. Let a be l(k). Let c(h) = 1 + 3 - 5*h + 3*h. Determine c(a).
-4
Suppose 2*l - 9 = -3*p, -4*l + 10 - 2 = -4*p. Let q(y) be the second derivative of 0*y**2 + 1/4*y**4 - 7*y + 0 - 1/6*y**3. Give q(p).
2
Let q(y) = -9 + 5 - 4*y - 7*y + 23*y - 7*y. Let m(w) = w**3 - 4*w**2 + 3. Let h be m(4). Calculate q(h).
11
Let y(g) = -9*g**2 - g**3 + 2*g**3 + 0*g**3 + 0*g**2 - 8 + g. Let z = -40 - -76. Suppose 5*d = -o - 7 + z, 2*d - 8 = 0. Determine y(o).
1
Suppose 0 = 2*j - 6*j + 2*v + 230, -287 = -5*j + 2*v. Let q(w) = -1 + 52*w - 155*w + 53*w + j*w. Determine q(4).
27
Let w(h) = -4*h - 1. Let f be 4 + 1 - (-29 - -4). Let y be (28/(-16))/(1/(-8)). Let m be f/105 + 24/y. Determine w(m).
-9
Let g(j) be the third derivative of -j**4/24 + j**3/3 + j**2. Let t be 0*-2*13/(-78). What is g(t)?
2
Let t(i) = -12*i**2 + 8*i + 6. Let h be 3/5*810/(-486). Give t(h).
-14
Let i = -411 + 485. Let x(h) = -i - h + 73 - 39*h**2 + 2*h. Determine x(1).
-39
Let f(q) = -q**2 - 4*q + 78. Let l be f(-9). Let z(x) = x + 31. Let o be z(-15). Suppose -l*m + o = -29*m. Let k(i) = -3*i - 1. What is k(m)?
-13
Let a = 17 - 19. Let p be 15/(-5) + 22 - a. Suppose -q - g = 2, p = -5*q + 4*g - 16. Let y(u) = u**2 + 6*u + 3. Calculate y(q).
-2
Suppose -4*d - d + 45 = 0. Let c = d - 4. Suppose p - 5*b = -12, 0*p + p + c*b - 8 = 0. Let s(o) = -2*o**2 - 3*o. What is s(p)?
-2
Suppose 5*m - 3*m + 5*v - 16 = 0, -3*v + 32 = 4*m. Let u be (-1)/((-3)/(-4) - (-1 + 2)). Let j be (m + u)/(9/(-6)). Let w(h) = -h + 2. Give w(j).
10
Suppose -11 = 16*o - 139. Let b(k) = -k**2 - 2*k - 1. Let i(r) = 5*r**2 + 23*r + 2. Let m(x) = 6*b(x) + i(x). Calculate m(o).
20
Let x(v) be the second derivative of -v**5/60 - 5*v**4/24 + v**3/3 - 58*v**2 - 18*v. Let p(a) be the first derivative of x(a). Give p(-6).
-4
Let d(x) be the first derivative of -7*x**4/24 + x**3/3 - x**2 - 65*x + 15. Let r(i) be the second derivative of d(i). Give r(-3).
23
Suppose 5*p + 438 = 7*p - m, 3*p + m = 657. Let y(n) = -1 - p*n - 3 - 2 + 218*n + 1. What is y(-7)?
2
Let c(m) = -4*m**3 + 2*m**2 + 8*m + 1. Let b = 3 + -6. Let g(n) = -187 + 0*n - 5*n**3 + 188 + 2*n**2 + 2*n + 7*n. Let h(a) = b*g(a) + 4*c(a). Give h(4).
-11
Let o(s) = 12*s + 3. Let l(v) = -v**2 + 6*v + 48. Let x be l(10). Suppose 0*k + 4*k = 0, 4*r = -3*k - x. Determine o(r).
-21
Let s(c) be the first derivative of 50 + 3/2*c**2 - 8/3*c**3 + 2*c. Calculate s(-2).
-36
Let a = -7290 + 7300. Let m(u) be the second derivative of 0 - 1/2*u**2 + a*u - 1/6*u**3. Give m(3).
-4
Let r(f) be the first derivative of f**3/3 + 3*f**2 + 5*f - 560. Determine r(-4).
-3
Let r(b) = b - 11. Let q be 1715/35*7/(98/(-12)). Let d be (-5 - q/8)*4 - -5. Give r(d).
-5
Let y be (-2000)/1250 + 123/30. Let m(w) be the second derivative of 0 - 1/3*w**3 - 14*w - 1/2*w**4 + y*w**2 - 1/20*w**5. Determine m(-5).
-10
Let z(n) = 331*n - 6 - 340*n - 10*n**2 + 2 - n**3. Let k = 138 + -147. Determine z(k).
-4
Let y(x) = -x**3 - 3*x**2 + 4*x + 14. Let p be y(-3). Let k(w) = 1281*w**3 - 3 - 1280*w**3 + 5*w**2 - 5*w - 11*w**p. Give k(7).
11
Let o(p) = 7*p - 258. Suppose -2*u + 4*n + 44 = 0, -3*n + 380 = 359. Give o(u).
-6
Let u(n) = -15*n**3 + 2*n + 1. Let g(j) = -j**3 - 22*j**2 + 25*j + 45. Suppose -5*f = -4*x - 72, 17*f - 18*f = -5*x - 111. Let o be g(x). Give u(o).
14
Suppose b - 18 = -4. Suppose 3*r - 5*r = -b. Let f be (-32)/(-18) + r*4/126. Let n(k) = 3*k**2 - 3*k. Determine n(f).
6
Let f(s) = -133 + 42*s**2 + 31*s**2 - 4*s - 72*s**2. Determine f(13).
-16
Let s be -1 + 5/2 - (-396)/(-72). Let t(j) = 13*j + 60. Calculate t(s).
8
Let q(x) = x**3 + 33*x**2 - 110*x - 55. Let k be q(-36). Let p(z) = -z**2 + 17*z - 1. Calculate p(k).
-1
Let n(x) = -2*x - 1. Suppose -4*j + p + 503 = 0, -p = -0*j + 2*j - 259. Let h = 130 - j. Give n(h).
-7
Let o(g) = 4*g + 28. Let n(r) = r + 9. Let p(m) = -7*n(m) + 2*o(m). Let u = -7404 - -7414. Calculate p(u).
3
Suppose 16*o - 11*o - 190 = 0. Suppose o*i - 7 = 31*i. Let r(w) = -7*w**2. Calculate r(i).
-7
Let u(v) = -v**2 + 16*v + 2. Let n be u(16). Let q(a) be the first derivative of n - 2*a**2 + 3*a**2 - 1. Give q(-4).
-8
Let s be (152/304)/(1/(-6)). Let v(r) = 9*r**2 + 4*r - 1. Give v(s).
68
Let i(m) = 7. Let k(a) be the first derivative of a**2 - 9*a + 93. Let f(j) = 4*i(j) + 3*k(j). Determine f(-2).
-11
Suppose 4*w = 14 + 30. Let a(h) be the second derivative of -h**3/2 + 4*h**2 - 165*h. Determine a(w).
-25
Let q(l) = -53*l**2 - 23*l + 2. Let u(y) = -292*y**2 - 116*y + 11. Let o(a) = -11*q(a) + 2*u(a). Calculate o(20).
20
Let j(i) = -2*i + 5. Let k(g) = 13*g - 138. Let m be k(11). Suppose 3 = 3*h - 4*h, 0 = -y + m*h + 20. What is j(y)?
-5
Let k(o) = -21*o**3 + o**2. Let r(d) = 23*d + 45. Let t be r(-10). Let h = 186 + t. Determine k(h).
-20
Let a(i) = -i**2 + 8*i - 10. Suppose 34*w - 33 = 37*w. Let z(c) = 6*c**2 - 42*c + 49. Let f(b) = w*a(b) - 2*z(b). Calculate f(-6).
0
Let a(l) = -l**2 - 13*l - 38. Let c be a(-9). Let s be 15 + -10 + c + 1. Let q(z) = z**3 - 4*z**2 - 5. Give q(s).
-5
Let t(s) = -s**3 - 52*s**2 - 419*s + 32. Let m be t(-42). Let d(h) = -3*h - 41. Calculate d(m).
-11
Suppose -309 + 117 = -16*f. Let z(w) = f*w - w - 10*w - 12. What is z(12)?
0
Let f(r) = r - 5. Let o(u) = -13 + 2 + 4 + 4 + u. Let g(h) = -5*f(h) + 4*o(h). Give g(0).
13
Let q(l) be the first derivative of -3*l**2 + 5*l + 1523. Determine q(11).
-61
Let s(a) be the second derivative of -a**5/20 + 3*a**4/4 - 2*a**3 - 3*a**2/2 + 9*a. Let v be s(9). Let u = -114 - v. Let m(t) = t. What is m(u)?
-3
Let z(d) be the first derivative of 2*d**2 - 1/3*d**3 + 47 + 2*d. Give z(-1).
-3
Suppose -4*l - 7 = 5*b - 36, 0 = -3*l + 18. Let h be 20/(-8)*(-4)/5. Let d be h + (0 - -2 - b). Let x(y) = -y. Give x(d).
-3
Suppose 0 = 3*i - 3*w - 49548, 26*w - 30*w = -3*i + 49545. Let y(j) = 16519*j + 6*j**2 - j**3 - i*j. Let x be 2*-2*3/(-2). Give y(x).
0
Let l(j) = j**2 - 22*j + 89. Suppose 2*b = -2*s + 2 + 32, 0 = 5*b - 5. What is l(s)?
-7
Suppose -64*v = -61*v - 6. Suppose v*w + 0*w - 8 = 0. Let h(p) = -1 - p**2 - 5*p + 3*p - w*p. What is h(-6)?
-1
Let l(i) be the first derivative of -2*i**2 - i - 2. Suppose -3*d = -4*b - 33, 0*d = -3*d + b + 33. Let g be (-33)/d + (2 - (-2 + 2)). What is l(g)?
3
Suppose -5*h + 10*h - 125 = 0. Suppose l - 26 = -h. Let w(o) = 7*o**2 - 10 + 3 + o + 6. Determine w(l).
7
Suppose -5*o = -0*b - b + 10, -3*o - 2*b - 6 = 0. Let p = o + 13. Let a(g) = 5 - 3 + 10*g - p*g - 4 - 3*g**2. Calculate a(-2).
-12
Let w(z) be the first derivative of 0*z - 1/60*z**5 + 4 + 1/2*z**2 - 1/3*z**3 + 11/24*z**4. Let g(m) be the second derivative of w(m). Determine g(10).
8
Suppose 4*r - 2*r + 3*j = 51, -3 = j. Let h be ((-7)/3)/((-10)/r). Let g(u) = -14 + 6 - 2*u**2 + 5*u + h. Give g(4).
-13
Let j(d) be the second derivative of 13*d**5/20 - d**4/12 - d**3/6 - 1798*d. Determine j(-1).
-13
Suppose -8*j + 4*j - 11*j = 60. Let t(l) = -l**3 - 5*l**2 - 3*l + 2. Determine t(j).
-2
Let v(d) be the second derivative of d**5/20 + 7*d**4/12 - 3*d**2/2 - 2*d. Let c be 14/(-6) - ((-8)/(-12) + 0). Let m be (-5 - c)*-1*14/(-4). What is v(m)?
-3
Let o(d) = 4 + 2*d**2 + d - 9*d + 2. Let b(r) = -r**2 + 4*r - 3. Let g be ((-36)/9 + 1)/1. Let c(p) = g*o(p) - 5*b(p). What is c(2)?
1
Let i(y) be the first derivative of 2*y**3/3 - 9*y**2 - 49*y + 1864. Calculate i(11).
-5
Let n(b) = -b**3 - 5*b**2 + 7*b + 9. Let l be n(-1). Let h(c) = -11*c**3 + 2*c**2 - 2*c - 3.